3
Let l(z) = -z**2 - 3*z + 60. Let g be l(0). What is the highest common factor of g and 84?
12
Suppose -m = -4*m + 5*x + 21, 0 = 2*m - 3*x - 14. Let z be (m/21)/(-2*1/(-378)). What is the highest common factor of z and 7?
7
Suppose 27 + 1 = 3*b - 2*r, 20 = -4*r. Suppose 3*x + 156 = 3*d, -2*d = -x + 4*x - 114. Calculate the greatest common factor of b and d.
6
Let y be ((-106)/8*-3)/((-81)/(-432)). Calculate the greatest common factor of y and 159.
53
Let r = -144 - -193. What is the highest common factor of 588 and r?
49
Let o = 81 - 163. Let p = -58 - o. Calculate the highest common divisor of p and 48.
24
Let x = 47 + 149. What is the greatest common factor of x and 1029?
49
Suppose -w = 1 - 9. Let r = 12 + -5. Suppose r = 2*m + 5. What is the highest common factor of m and w?
1
Let k = -223 + 268. Calculate the greatest common factor of 360 and k.
45
Let j(i) = -i**3 + 60*i**2 - 57*i - 112. Let n be j(59). What is the greatest common factor of 249 and n?
3
Let d(x) = -4*x + 18. Let g be d(6). Let l be (-4)/g - (-232)/12. Suppose 0 = s - 6*s + l. Calculate the highest common factor of 6 and s.
2
Let k be (-32)/80 + 687/5. Suppose -y + k = -7. What is the greatest common factor of y and 16?
16
Let q = 2753 + -2255. Calculate the highest common factor of q and 1660.
166
Suppose 2 = 4*h - 10. Suppose 0 = h*s + s - 20, 3*b + 4*s - 47 = 0. Let c be 54*(-9)/24*-4. Calculate the highest common divisor of c and b.
9
Let a = 27 - 16. Let y = -18 + 20. Suppose y*k - 4*c - 239 = -k, 5*k + 3*c = 379. Calculate the greatest common factor of a and k.
11
Let o = -5861 - -2921. Let r be o/(-150) - 4/(-10). What is the greatest common factor of r and 100?
20
Let a be (-177)/(-6) + 2/4. Let i = a + -2. Let p = -35 - -49. Calculate the highest common factor of i and p.
14
Suppose -275*m + 273*m + 522 = 0. What is the highest common factor of 174 and m?
87
Suppose 67 = -g + 199. Suppose 10*h - g = -h. Let m(r) = -r**3 + 8*r**2 - 4*r. Let f be m(4). Calculate the greatest common factor of f and h.
12
Let g(i) = -i**2 - i + 64. Let y be g(0). Let z = 10 + -7. Suppose 2*h = 2*p - h - 38, 4*p - z*h = y. What is the greatest common divisor of 117 and p?
13
Let n be (58/(-10) + 5)/(1/(-10)). Suppose n*p = 429 + 1083. What is the greatest common factor of 21 and p?
21
Let o(y) = 0*y**3 - 2*y**3 + y + 167*y**2 - 160*y**2 + 3*y**3 + 13. Let g be o(-7). Calculate the highest common factor of g and 6.
6
Let f = 926 - -965. What is the greatest common factor of 31 and f?
31
Let z(d) = -d + 2 - 4*d - 2*d + d**2. Let l be z(7). Let x be (0 - l)/(4/(-112)). Calculate the greatest common divisor of 140 and x.
28
Let k = 208 - 201. Calculate the greatest common factor of 217 and k.
7
Let t = -21 - -18. Let l be t/((-9)/24) + -1. Calculate the greatest common factor of l and 1.
1
Suppose 0 = o - 8*o + 13524. Calculate the greatest common divisor of 84 and o.
84
Let y = 20 + 130. Let c = -17 - -22. Suppose -c*m + 54 = -21. What is the greatest common divisor of y and m?
15
Let o = 77 + -67. Suppose -3*w = 5*l - 1 + 201, -2*l = 3*w + 215. Let k = -45 - w. Calculate the highest common divisor of o and k.
10
Suppose 0 = 5*r - r - 60. Let o(l) = 3*l - 26. Let a be o(r). Let u be -1*-2*(-19)/(-2). What is the highest common divisor of u and a?
19
Suppose -4*t + 12*w + 352 = 16*w, 3*t = 5*w + 296. What is the greatest common divisor of t and 299?
23
Let v be -4 - (2/18 - (-578)/(-18)). Calculate the highest common factor of v and 63.
7
Let t = 0 + 11. Suppose 0 = y + t*y - 156. Calculate the greatest common factor of 143 and y.
13
Let b(q) = q**2 + q + 6. Let h be b(-6). Let w be 3 + (6/4 - (-3)/(-6)). Calculate the highest common factor of w and h.
4
Suppose -41*u = -13*u - 24360. Calculate the greatest common divisor of 60 and u.
30
Let s be 455 + 2 + 16 + -8. Calculate the highest common divisor of s and 135.
15
Suppose -2*z = 3*z - 330. Suppose 3*d - z = -21. What is the greatest common divisor of 120 and d?
15
Let n = -15 - 16. Let s = -28 - n. Let y = 4 - 1. What is the greatest common factor of y and s?
3
Let d = -19 - -35. Let a be (-3)/((-6)/10)*4. Suppose 0 = 4*q - 4*h + h - a, -5*q - 5*h = -60. What is the greatest common divisor of q and d?
8
Suppose -3*z = -3*d + 402, z = -3 + 5. What is the highest common divisor of d and 51?
17
Let u be 3/(-1)*(37/(-12) + (-14)/56). Let l(x) = 29*x**2 + 2*x - 1. Let h be l(1). Calculate the highest common factor of u and h.
10
Let t be -7 + (0 - -9) + 5. Let m be 2/3*63/6. What is the highest common divisor of m and t?
7
Let m(g) = 98*g + 127. Let t be m(-1). What is the greatest common divisor of 464 and t?
29
Let g be 12/((-252)/(-88) + -3). Let t = g + 268. Calculate the greatest common factor of t and 20.
20
Let c = 121 - 69. Suppose -c = -5*o + 28. What is the greatest common factor of 2 and o?
2
Let v be (-1767)/(-133) - ((-32)/(-14) - 2). Calculate the greatest common divisor of v and 65.
13
Suppose -59 = -2*a + 41. Calculate the greatest common factor of 2 and a.
2
Let u be ((-8)/16)/((-3)/(-504)). Let s be (u/(-35))/((-6)/(-80)). Let g = 9 - 5. Calculate the highest common divisor of g and s.
4
Suppose -5*l + 2*g + 16 = 0, 0*l - 5*g = 2*l + 11. Suppose -4 = -c - l. Let s be ((-95)/15)/(c/(-54)). Calculate the highest common factor of 19 and s.
19
Let d(r) = -r**3 + 53*r**2 - 51*r + 176. Let m be d(52). What is the greatest common factor of m and 48?
12
Let a = 601 + -596. What is the greatest common factor of 295 and a?
5
Suppose p - 5*b - 225 = -3*p, 3*p + b - 145 = 0. What is the greatest common divisor of 1150 and p?
50
Let t(v) = -v**2 + 2*v - 28. Let r be t(0). Let q be 37 - ((-42)/r)/(2/(-4)). Let i = 10 + -2. What is the highest common factor of q and i?
8
Let h(s) = -2*s - 43. Let a be h(-20). Let b be (1 - a)*(-4 - -6). What is the greatest common factor of b and 8?
8
Suppose -3*x + 12 = 3*m, 2*x - 3 = 2*m + 5. Suppose 2 = -x*k - 22. Let s be (64/(-10))/(k/135). What is the greatest common divisor of 18 and s?
18
Suppose -2*a + 4*m = -52, 3*a + 23*m - 21*m - 118 = 0. What is the highest common divisor of 54 and a?
18
Let m(n) = n**3 - 5*n**2 - 4*n - 1. Let i be m(6). Suppose 455 = 4*k - 249. Calculate the highest common divisor of i and k.
11
Let x(j) = -16*j - 122. Let r be x(-9). What is the greatest common factor of r and 979?
11
Let o(b) = -2*b + 29. Let t be o(26). Let w = t + 59. What is the highest common divisor of 12 and w?
12
Suppose 3*g + 1029 = 4*b, -g + 236 + 281 = 2*b. What is the greatest common factor of 129 and b?
129
Let f be (10/(-6))/(-2*(-4)/(-24)). Suppose -z = -5*s + 118, 0 = -0*z - f*z + 10. Calculate the highest common divisor of s and 3.
3
Let a = -85 + 91. What is the highest common divisor of a and 21?
3
Suppose -8*j - 26406 = -26*j. Calculate the highest common divisor of j and 18.
9
Let q(x) = 204*x**3 - 2*x**2 - x + 2. Let s be q(1). What is the greatest common factor of 58 and s?
29
Suppose -3*w = 2 - 11, 498 = k + 2*w. Calculate the highest common factor of k and 12.
12
Let z = 1971 - 1785. Calculate the highest common factor of z and 992.
62
Let x be 2*26*2/8. Suppose b + 144 = x*b. Calculate the greatest common factor of 18 and b.
6
Suppose 4*d - 96 = -4*u, u + 2*d = -0 + 21. Calculate the highest common factor of 12 and u.
3
Suppose 0 = 17*l - 13*l - 156. Suppose l = 3*o - 93. What is the highest common divisor of 33 and o?
11
Let c = -21 - -21. Suppose c = -3*m - m + 8. What is the greatest common factor of m and 10?
2
Suppose 42*u = 9*u + 22176. What is the greatest common divisor of u and 42?
42
Let a = 211 + -193. What is the greatest common factor of 18 and a?
18
Let z(q) = -5*q - 11. Let r be (11 + 0)/((-20)/(-20)). Suppose -3*l = 10 + r. Let s be z(l). Calculate the highest common factor of 120 and s.
24
Let r(g) = 40*g - 235. Let n be r(8). What is the greatest common factor of n and 34?
17
Let i be 155/((-20)/(-4)) - -1. Suppose -218 = -j + 2*w, -4*w + 2*w = 2*j - 454. Calculate the greatest common divisor of j and i.
32
Suppose 23 = -20*o + 2363. Calculate the highest common factor of o and 221.
13
Let l(u) = u**3 + 6*u**2 - 32*u. Let q be l(-9). What is the highest common divisor of 30 and q?
15
Let g = -96 + 201. Calculate the highest common divisor of g and 21.
21
L